{"id":170,"date":"2020-02-20T11:13:45","date_gmt":"2020-02-20T11:13:45","guid":{"rendered":"http:\/\/carmelarufanges.es\/?page_id=170"},"modified":"2020-02-20T11:22:00","modified_gmt":"2020-02-20T11:22:00","slug":"contacto","status":"publish","type":"page","link":"https:\/\/carmelarufanges.es\/?page_id=170","title":{"rendered":"Contacto"},"content":{"rendered":"\n<div class=\"wp-block-group\"><div class=\"wp-block-group__inner-container is-layout-flow wp-block-group-is-layout-flow\">\n<figure class=\"wp-block-image size-large is-resized\"><img loading=\"lazy\" decoding=\"async\" src=\"http:\/\/carmelarufanges.es\/wp-content\/uploads\/2020\/02\/puerta-941x1024.jpg\" alt=\"\" class=\"wp-image-171\" width=\"202\" height=\"219\" srcset=\"https:\/\/carmelarufanges.es\/wp-content\/uploads\/2020\/02\/puerta-941x1024.jpg 941w, https:\/\/carmelarufanges.es\/wp-content\/uploads\/2020\/02\/puerta-276x300.jpg 276w, https:\/\/carmelarufanges.es\/wp-content\/uploads\/2020\/02\/puerta-768x836.jpg 768w, https:\/\/carmelarufanges.es\/wp-content\/uploads\/2020\/02\/puerta-1411x1536.jpg 1411w, https:\/\/carmelarufanges.es\/wp-content\/uploads\/2020\/02\/puerta-1881x2048.jpg 1881w\" sizes=\"auto, (max-width: 202px) 100vw, 202px\" \/><\/figure>\n<\/div><\/div>\n\n\n\n<p>Puede ponerse en contacto por correo electr\u00f3nico para:<\/p>\n\n\n\n<p>Informaci\u00f3n general:<\/p>\n\n\n\n<p>escritora@carmelarufanges.es<\/p>\n\n\n\n<h2 class=\"wp-block-heading\">Protecci\u00f3n de datos personales<\/h2>\n\n\n\n<p>En nuestro esfuerzo por cumplir con la Ley Org\u00e1nica 15\/1999, de 13 de Diciembre, de Protecci\u00f3n de Datos de Car\u00e1cter Personal y su Reglamento de desarrollo, el Real Decreto 1720\/2007 le informamos:<\/p>\n\n\n\n<p>Solo utilizaremos sus datos para dar respuesta a sus demandas de informaci\u00f3n y por tanto entendemos que nos presta su consentimiento para ello.<\/p>\n\n\n\n<p>No cederemos sus datos a terceros.<\/p>\n\n\n\n<p>Los trataremos con la debida confidencialidad y aplicando las medidas de seguridad t\u00e9cnicas, organizativas y legales necesarias para preservarlos de accesos no deseados, evitar su alteraci\u00f3n o p\u00e9rdida.<\/p>\n\n\n\n<p>Cuando los datos facilitados dejen de ser necesarios o resulten incompletos o inexactos procederemos a cancelarlos o borrarlos seg\u00fan proceda.<\/p>\n\n\n\n<p>S\u00ed te pedimos que los datos que nos facilites sean veraces y exactos.<\/p>\n\n\n\n<p>Quedamos a tu disposici\u00f3n para facilitarte los formularios necesarios para que puedas ejercer tus derechos de Acceso, Rectificaci\u00f3n, Cancelaci\u00f3n y Oposici\u00f3n, si as\u00ed lo consideras oportuno, solicit\u00e1ndolos por correo electr\u00f3nico en la direcci\u00f3n&nbsp;escritora@carmelarufanges.es&nbsp;y recuerda que para ello deber\u00e1s identificarte como titular de&nbsp;los datos, as\u00ed que acompa\u00f1a la solicitud con una copia de DNI.<\/p>\n","protected":false},"excerpt":{"rendered":"<p>Puede ponerse en contacto por correo electr\u00f3nico para: Informaci\u00f3n general: escritora@carmelarufanges.es Protecci\u00f3n de datos personales En nuestro esfuerzo por cumplir con la Ley Org\u00e1nica 15\/1999, de 13 de Diciembre, de Protecci\u00f3n de Datos de Car\u00e1cter Personal y su Reglamento de desarrollo, el Real Decreto 1720\/2007 le informamos: Solo utilizaremos sus datos para dar respuesta a &hellip; <\/p>\n<p class=\"link-more\"><a href=\"https:\/\/carmelarufanges.es\/?page_id=170\" class=\"more-link\">Continuar leyendo<span class=\"screen-reader-text\"> \u00abContacto\u00bb<\/span><\/a><\/p>\n","protected":false},"author":1,"featured_media":0,"parent":0,"menu_order":0,"comment_status":"closed","ping_status":"closed","template":"","meta":{"footnotes":""},"class_list":["post-170","page","type-page","status-publish","hentry"],"_links":{"self":[{"href":"https:\/\/carmelarufanges.es\/index.php?rest_route=\/wp\/v2\/pages\/170","targetHints":{"allow":["GET"]}}],"collection":[{"href":"https:\/\/carmelarufanges.es\/index.php?rest_route=\/wp\/v2\/pages"}],"about":[{"href":"https:\/\/carmelarufanges.es\/index.php?rest_route=\/wp\/v2\/types\/page"}],"author":[{"embeddable":true,"href":"https:\/\/carmelarufanges.es\/index.php?rest_route=\/wp\/v2\/users\/1"}],"replies":[{"embeddable":true,"href":"https:\/\/carmelarufanges.es\/index.php?rest_route=%2Fwp%2Fv2%2Fcomments&post=170"}],"version-history":[{"count":3,"href":"https:\/\/carmelarufanges.es\/index.php?rest_route=\/wp\/v2\/pages\/170\/revisions"}],"predecessor-version":[{"id":178,"href":"https:\/\/carmelarufanges.es\/index.php?rest_route=\/wp\/v2\/pages\/170\/revisions\/178"}],"wp:attachment":[{"href":"https:\/\/carmelarufanges.es\/index.php?rest_route=%2Fwp%2Fv2%2Fmedia&parent=170"}],"curies":[{"name":"wp","href":"https:\/\/api.w.org\/{rel}","templated":true}]}}